{"id":2,"date":"2016-12-10T16:00:48","date_gmt":"2016-12-10T15:00:48","guid":{"rendered":"http:\/\/solarev.org\/be-aware\/?page_id=2"},"modified":"2018-02-28T20:19:58","modified_gmt":"2018-02-28T19:19:58","slug":"beispiel-seite","status":"publish","type":"page","link":"https:\/\/solarev.org\/be-aware\/","title":{"rendered":"Veranstaltungsreihe: &#8222;Be aware! Empowerment in der transkulturellen Arbeit&#8220;"},"content":{"rendered":"<h1>&#8222;Be aware! Empowerment in der transkulturellen Arbeit&#8220;<\/h1>\n<p>Die letzten Monate haben bei vielen den Eindruck best\u00e4rkt, dass die Spaltung der Gesellschaft \u2013 v.a. auch mit Blick auf Fragen von Flucht, Migration und Inklusion \u2013 tiefer geworden ist.<br \/>\nMigrant_innen, Gefl\u00fcchtete und ihre Unterst\u00fctzer_innen geraten zunehmend unter Druck. Der \u201aWillkommenskultur\u2018 stehen immer restriktivere Asylgesetze und eine (europaweite) Abschottungspolitik gegen\u00fcber. Ein erstarkender Rechtspopulismus macht mit platten Parolen und teilweise auch gewaltt\u00e4tig Stimmung gegen alles, was ihnen \u201aanders\u2018 und \u201afremd\u2018 erscheint. Und er kann damit beachtliche Erfolge verbuchen. Eine im Alltag pr\u00e4sente Kritik, aktive Einbeziehung migrantischer Perspektiven sowie ein breites Empowerment zur St\u00e4rkung von Handlungsalternativen gegen diese Entwicklungen sind angesichts dieser Situation gefragt!<\/p>\n<p>Mit dem bereits im Jahr 2016 gestarteten Projekt <em>be aware!<\/em> wollen wir einen Beitrag zu diesem Empowerment leisten. Zentrales Anliegen des Projektes ist es, Perspektiven von Migrant_innen und Gefl\u00fcchteten, die in unserer Gesellschaft h\u00e4ufig unsichtbar sind, sichtbarer zu machen. Hierzu werden im Projekt auch Menschen mit Fluchterfahrung jeweils 8-w\u00f6chige Praktika im Bildungsteam des solar e.V. durchlaufen und an der Konzeption, Vorbereitung und Durchf\u00fchrung der hier angebotenen Fortbildungsseminare f\u00fcr Multiplikator_innen beteiligt sein.<\/p>\n<p>In den Seminaren wollen wir uns gemeinsam \u00fcber diese aktuelle Situation und unsere Handlungsperspektiven austauschen. Wir wollen \u00fcber den Tellerrand hinausschauen und die globalen Dimensionen und die geschichtlichen Hintergr\u00fcnde von Flucht und Migration ebenso beleuchten wie alte und neue Erscheinungsformen von Rassismus, Fremdenfeindlichkeit und Diskriminierung erkennen und daran arbeiten sie zu \u00fcberwinden. In den Seminaren wollen wir nicht nur f\u00fcr unterschiedliche Perspektiven und Erfahrungshorizonte sensibilisieren, sondern auch danach fragen, wie solidarisches Handeln \u00fcber Grenzen hinweg m\u00f6glich sein kann.<\/p>\n<p>Die Seminare richten sich an Menschen mit und ohne Migrations- und Fluchterfahrung. Zur Einbeziehung von Gefl\u00fcchteten arbeiten wir mit unserem Kooperationsprojekt <a href=\"http:\/\/www.trixiewiz.de\/de\/deutsch-bevisible-aktivierung-der-kompetenzen-von-gefluchteten-durch-empowerment-qualifizierung-partizipation-und-sensibilisierung-der-zivilgesellschaft\/\" target=\"_blank\" rel=\"noopener\">\u201abe visible\u2018 (von Trixiewiz e.V.)<\/a> zusammen.<\/p>\n<p><!--<strong>&gt;&gt;&gt; Die n\u00e4chsten Termine auch als <a href=\"https:\/\/solarev.org\/be-aware\/wp-content\/uploads\/sites\/9\/2016\/12\/be-aware_dez17-jan18_WEB.pdf\">Flyer zum Download<\/a> (DIN A6, PDF)<\/strong>--><\/p>\n<p>&nbsp;<br \/>\nDas Projekt wird gef\u00f6rdert aus Mitteln der Heidehof-Stiftung und der Landesstelle f\u00fcr Entwicklungszusammenarbeit des Landes Berlin:<\/p>\n<p><img decoding=\"async\" class=\"alignleft size-medium wp-image-978\" src=\"https:\/\/solarev.org\/wp-content\/uploads\/2018\/01\/hhs_logo_neu_jpg-300x121.jpg\" alt=\"\" width=\"200\" \/><img decoding=\"async\" class=\"alignright size-medium wp-image-979\" src=\"https:\/\/solarev.org\/wp-content\/uploads\/2018\/01\/logo_lez_354x122-300x103.gif\" alt=\"\" width=\"200\" \/><\/p>\n<div class=\"clearfix\"><\/div>\n<p><em>&#8222;F\u00fcr die Inhalte der Veranstaltungen ist allein die bezuschusste Institution verantwortlich. Die hier dargestellten Positionen geben nicht den Standpunkt der Senatsverwaltung f\u00fcr Wirtschaft, Energie und Betriebe wieder.&#8220;<\/em><\/p>\n<p>Gef\u00f6rdert durch ENGAGEMENT GLOBAL mit finanzieller Unterst\u00fctzung des<\/p>\n<p><img decoding=\"async\" class=\"alignnone size-medium wp-image-1039\" src=\"https:\/\/solarev.org\/wp-content\/uploads\/2018\/01\/320px-BMZ_Logo.svg_-300x106.png\" alt=\"BMZ-Logo\" width=\"200\" \/><\/p>\n","protected":false},"excerpt":{"rendered":"<p>&#8222;Be aware! Empowerment in der transkulturellen Arbeit&#8220; Die letzten Monate haben bei vielen den Eindruck best\u00e4rkt, dass die Spaltung der Gesellschaft \u2013 v.a. auch mit Blick auf Fragen von Flucht, Migration und Inklusion \u2013 tiefer geworden ist. Migrant_innen, Gefl\u00fcchtete und ihre Unterst\u00fctzer_innen geraten zunehmend unter Druck. Der \u201aWillkommenskultur\u2018 stehen immer restriktivere Asylgesetze und eine (europaweite) Abschottungspolitik gegen\u00fcber. Ein erstarkender Rechtspopulismus macht mit platten Parolen und teilweise auch gewaltt\u00e4tig Stimmung gegen alles, was ihnen \u201aanders\u2018 und \u201afremd\u2018 erscheint. Und er kann damit beachtliche Erfolge verbuchen. Eine im Alltag pr\u00e4sente Kritik, aktive Einbeziehung migrantischer Perspektiven sowie ein breites Empowerment zur St\u00e4rkung von Handlungsalternativen gegen diese Entwicklungen sind<a class=\"more-link\" href=\"https:\/\/solarev.org\/be-aware\/\">&gt;&gt;&gt; WEITERLESEN<\/a><\/p>\n","protected":false},"author":2,"featured_media":486,"parent":0,"menu_order":0,"comment_status":"closed","ping_status":"open","template":"","meta":{"footnotes":""},"class_list":{"0":"entry","1":"page","2":"publish","3":"author-solarev","4":"post-2","6":"has-post-thumbnail"},"aioseo_notices":[],"_links":{"self":[{"href":"https:\/\/solarev.org\/be-aware\/wp-json\/wp\/v2\/pages\/2","targetHints":{"allow":["GET"]}}],"collection":[{"href":"https:\/\/solarev.org\/be-aware\/wp-json\/wp\/v2\/pages"}],"about":[{"href":"https:\/\/solarev.org\/be-aware\/wp-json\/wp\/v2\/types\/page"}],"author":[{"embeddable":true,"href":"https:\/\/solarev.org\/be-aware\/wp-json\/wp\/v2\/users\/2"}],"replies":[{"embeddable":true,"href":"https:\/\/solarev.org\/be-aware\/wp-json\/wp\/v2\/comments?post=2"}],"version-history":[{"count":60,"href":"https:\/\/solarev.org\/be-aware\/wp-json\/wp\/v2\/pages\/2\/revisions"}],"predecessor-version":[{"id":556,"href":"https:\/\/solarev.org\/be-aware\/wp-json\/wp\/v2\/pages\/2\/revisions\/556"}],"wp:featuredmedia":[{"embeddable":true,"href":"https:\/\/solarev.org\/be-aware\/wp-json\/wp\/v2\/media\/486"}],"wp:attachment":[{"href":"https:\/\/solarev.org\/be-aware\/wp-json\/wp\/v2\/media?parent=2"}],"curies":[{"name":"wp","href":"https:\/\/api.w.org\/{rel}","templated":true}]}}